nd 144.
16
Let h(c) = c**2 - 9*c + 4. Let l be (18/(-12))/(2/(-12)). Let f be h(l). Calculate the greatest common factor of 20 and f.
4
Let z = 1 + 1. Let d be 1*z*(5 - -3). What is the greatest common divisor of 32 and d?
16
Let l(g) = g**3 - 15*g**2 - 16*g + 36. Let n be l(16). Calculate the greatest common factor of n and 54.
18
Suppose 4*t - t - 33 = 0. What is the greatest common factor of 55 and t?
11
Let p(g) = -g. Let m(j) = -8*j - 4. Let x(q) = m(q) - 10*p(q). Let i be x(3). Suppose 35 = i*u - 49. What is the highest common divisor of 6 and u?
6
Let g(t) = -t**2 - 7*t + 6. Let h be g(-7). Let s(x) = -x**3 + 6*x**2 + 7*x. Let c be s(h). Calculate the highest common divisor of 21 and c.
21
Suppose -33 = -2*p - p. Suppose 280 = 3*s + 49. What is the greatest common divisor of s and p?
11
Let u = 554 + -394. Calculate the greatest common factor of u and 64.
32
Let j(o) = 2*o**3 - 12*o**2 + 31*o - 5. Let u be j(7). Calculate the highest common factor of u and 10.
10
Suppose 4*k - 135 = 6*s - 3*s, 4*s + 170 = 2*k. Suppose 2*c + 0*c = 48. Let i = c - s. Calculate the greatest common divisor of i and 26.
13
Let r be 816/104 + 4/26. Calculate the highest common factor of 40 and r.
8
Let q be 2*-26*(-5)/(-4). Let g = 26 - q. Let w be 2/3*117/6. What is the highest common divisor of g and w?
13
Let d(u) = -2*u - 9. Let c be d(-6). Calculate the greatest common factor of 33 and c.
3
Suppose 2*m + m - 12 = 0. Suppose 134 = 5*u - 4*x, 3*x + 10 = m*u - 98. Let l be 28/5 - (-2)/5. Calculate the greatest common divisor of l and u.
6
Suppose 4*g + 97 = 241. What is the highest common factor of g and 108?
36
Let m(r) = r**3 - 13*r**2 + 13*r - 10. Let q be m(12). Suppose 0 = -4*o - 2*b + 6*b + 284, b + 137 = q*o. What is the highest common factor of o and 6?
6
Let r(u) = -u**2 - 10*u + 8. Let c be r(-11). Let x be (3 + 1)/(c/(-36)). What is the highest common divisor of 16 and x?
16
Let g be 111*1 + 4/(-4). Calculate the highest common factor of 11 and g.
11
Let b be (-6)/45 - (-814)/30. Calculate the highest common factor of b and 108.
27
Let m be (0 - -1) + (-2 - -9). What is the highest common divisor of m and 4?
4
Suppose 2*n = n + 42. Let b = 75 + -61. Calculate the highest common factor of b and n.
14
Let b(a) = a - 2. Let l be b(-6). Let m(q) = -q**2 - 7*q + 7. Let y be m(l). Let w be 50/2 - (2 + y). What is the highest common divisor of 12 and w?
12
Let d = -1 - -10. Let y(w) = w**3 - 9*w**2 + w - 3. Let t be y(d). Calculate the highest common factor of 4 and t.
2
Let s(d) = -d**2 + 14*d + 7. Let j be s(13). What is the highest common divisor of 8 and j?
4
Let h = -23 + 20. Suppose 0 = 4*n - 2 + 14, 5*n = 3*z + 345. Let b be (z - 1)/(h - -2). Calculate the highest common factor of b and 11.
11
Let l(p) = p**3 - 15*p**2 - 14*p - 2. Let v be l(16). Calculate the highest common factor of 105 and v.
15
Suppose -3*k - 2*k = -75. Let f = 7 - 3. Suppose f = 2*l - 6. What is the highest common divisor of k and l?
5
Let y(d) = -8*d + 1. Let i be y(1). Let o(u) = 4*u - u**2 + 9 - 2*u**2 + 5*u**2 - u**2. Let m be o(i). What is the highest common factor of m and 10?
10
Suppose 3*p + 2*h - 106 = -2*p, -84 = -4*p - 2*h. Suppose v - 46 - 16 = 0. Suppose 0 = -4*s + p + v. What is the greatest common factor of s and 3?
3
Let v(n) = 6*n - 6. Let p be v(7). Suppose -b - 11 = -p. Calculate the greatest common divisor of b and 10.
5
Suppose -1 + 5 = 2*k. Suppose -3*r + 30 = -k*r. Calculate the greatest common factor of 10 and r.
10
Let p = 7 - -1. What is the greatest common factor of 88 and p?
8
Let r be -2 + -1 + 4 + 0. Let c be (1 - (r - 3)) + 23. Let u = -15 + c. What is the highest common factor of 11 and u?
11
Let a = -1 - -1. Suppose j + a*j = 108. What is the highest common factor of j and 18?
18
Let u(i) = 13*i - 1. Let f be u(-2). Let t = 40 + f. Let x = 24 - t. What is the highest common factor of 121 and x?
11
Suppose 2*b = 5*p + 4*b - 12, 0 = -2*p - 2*b. Let g be p/1*(-15)/(-2). What is the greatest common divisor of g and 6?
6
Suppose -q = 4*q - 10. Suppose -q*k + 2*x + 216 = 2*k, 5*k = 3*x + 270. Calculate the highest common factor of k and 6.
6
Let y be (2/(-2)*-13)/1. Suppose -61 = -o + y. Let l = o + -34. Calculate the highest common factor of 5 and l.
5
Suppose -2*j = 3*j - 20. Suppose -3*b = -k + 21, -38 = -4*k + k + j*b. Let d(q) = -6*q + 6. Let l be d(-7). Calculate the greatest common divisor of l and k.
6
Suppose -2*z = -4*d + 14, -17 = 4*d - 5*d - 4*z. Let v be (-1)/4 + 43/(-4). Let i = v + 51. What is the highest common divisor of i and d?
5
Suppose -2*s + 5*y = -46 - 7, -s = -4*y - 34. What is the greatest common factor of 14 and s?
14
Let b = 2 - -4. What is the greatest common divisor of 15 and b?
3
Suppose 7*x = 769 - 55. Calculate the greatest common divisor of 68 and x.
34
Let q(s) = 13*s**2 - s + 2. Let y be q(-2). What is the highest common factor of y and 140?
28
Let k(l) = 7*l + 5. Let h(a) = -a - 1. Let g(v) = 2*h(v) + k(v). Let x be g(3). Calculate the greatest common factor of x and 9.
9
Let o = 14 - -28. Calculate the greatest common factor of o and 28.
14
Suppose 0 = -4*h + 6*h + 8. Let l = 3 - h. Calculate the greatest common divisor of l and 28.
7
Suppose -10*d + 22 = -48. Let a(s) be the first derivative of 13*s**3/3 + 3*s**2/2 - 2*s - 1. Let u be a(2). Calculate the highest common divisor of d and u.
7
Suppose -4*h - 3*y - 3 = 0, -4*h + 2*y + 10 = -12. Suppose -h*d + 0*d + 54 = 0. What is the greatest common factor of 6 and d?
6
Suppose 5*k = -2*o + 28, 0*o = -3*o - k + 29. Calculate the greatest common factor of 27 and o.
9
Suppose t - 22 = -5*i, i - 3 = -3*t + 7. Suppose 3*v - 2*f - 9 = 0, 2*f - 2 = i*v - 14. What is the greatest common factor of v and 24?
3
Let v(k) = 11*k + 8. Let t be v(7). Let q = 53 - t. Let o = q + 60. Calculate the greatest common factor of 14 and o.
14
Let t = -115 - -141. What is the greatest common factor of 2 and t?
2
Suppose u = -2*d + 44, -6*u + u = d - 4. Suppose 3*p + 0 = 48. Calculate the greatest common divisor of p and d.
8
Let a be (792/(-4))/((-3)/(-2) - 3). What is the highest common factor of a and 44?
44
Suppose -4 = 4*k - 16. Suppose k*x - 15 = 33. Calculate the greatest common factor of 4 and x.
4
Suppose 0 = -3*t - 28 - 2. Let p = 6 - t. Calculate the greatest common divisor of p and 4.
4
Suppose 4*c - 2*j - j - 36 = 0, 3*c + 2*j - 44 = 0. Calculate the greatest common factor of 18 and c.
6
Suppose -2*q - 5*y + 4 = 0, 3*q - q = 3*y + 20. Let i = q + -6. Let v(f) = -f**3 + f**2 - f + 7. Let a be v(0). What is the greatest common divisor of i and a?
1
Suppose -n + 5*r - 8 = r, 0 = 4*n - 5*r - 23. Calculate the highest common divisor of 24 and n.
12
Let l = -4 + 8. Suppose 3*z - 45 + 11 = -j, l*z = 16. Let f be (9 - 5)/(-4) - -12. What is the greatest common factor of f and j?
11
Suppose 0 = -2*i + 6*i - 4. Let v be (15/(-20))/(i/(-12)). What is the greatest common divisor of v and 81?
9
Suppose -4*g = -g - 147. Let v = -22 + g. Calculate the highest common factor of v and 81.
27
Let n = 41 - 22. Suppose 4*t + n = 55. Suppose 0 = -5*h - 48 + 138. What is the greatest common divisor of t and h?
9
Suppose 26 = q + 195. Let s = -92 - q. Suppose 5*d = -3*t + 35, -5*d + 1 = 5*t - 34. What is the highest common divisor of d and s?
7
Suppose -2*z = -z - 9. Suppose 4*d + z = -3*i, -4*i + 2*d = -13 + 3. What is the greatest common factor of 4 and i?
1
Suppose -4*w + 20 = 116. Let c = w + -77. Let o = c + 173. What is the highest common divisor of o and 8?
8
Suppose -3*m + 3 = i - 17, -3*m + 10 = -i. Let t(o) = -o**2 + 14*o - 43. Let x be t(8). Calculate the greatest common factor of m and x.
5
Let f be ((-2)/2 - 1)*-1. Suppose -65 = f*w - 395. Calculate the greatest common factor of w and 15.
15
Let c(v) = v + 31. Let l be c(-16). What is the highest common divisor of 3 and l?
3
Suppose 2*x - 2*f + 48 + 12 = 0, 0 = -2*x - 3*f - 80. Let p = 77 + x. Suppose 5*d = 7 + p. What is the greatest common factor of d and 10?
10
Let b(y) = 5*y**3 + y**2 + 1. Let f be b(2). Let q(z) = 2*z**2 - 20*z - 17. Let j be q(11). What is the highest common divisor of j and f?
5
Let g(n) = -29*n**3 - n**2 - 2*n - 2. Let l be g(-1). Calculate the greatest common divisor of l and 196.
28
Let g be (2 - 21/9)*3.